22*a - 80. Let r be c(17). Let g = -149 + 322. Suppose r*f - g = 152. Calculate the remainder when f is divided by 11.
10
Suppose -10*m = -4*m + 42. Let v be (-2)/(-6)*6 - m. Suppose -5*z + 46 + v = 0. Calculate the remainder when 52 is divided by z.
8
Let t = 1607 + -1060. What is the remainder when t is divided by 29?
25
Let g = -1792 - -1856. Let c = 37 + 2. Calculate the remainder when g is divided by c.
25
Suppose 2*p = -5*x + 2, p + 2 = 3*p - x. Suppose 20 = 3*n - p. Let z(q) = 3*q - 15. Calculate the remainder when z(n) is divided by 2.
0
Let s be ((-112)/(-152))/(-7) - 667/(-19). What is the remainder when 5 is divided by (-14)/4*((-240)/s - -6)?
2
Let c = 6557 + -6436. Calculate the remainder when c is divided by 86.
35
Let o(b) = -2*b**3 - 8*b**2 - 206 + 241 + 10*b + b**2. Calculate the remainder when o(-6) is divided by 52.
51
Let n(i) = -i**2 + 13*i**2 + 4*i**2 + 2*i. Let a(s) = -s**3 + 9*s**2 - 7*s - 12. What is the remainder when a(6) is divided by n(-1)?
12
Let v(d) = -4*d**2 - 179*d - 237. What is the remainder when v(-41) is divided by 123?
9
Let v be (-1)/(-2) - 3/6. Suppose v*y - 5 = -y. Let j(l) = -22*l - 136. What is the remainder when j(-7) is divided by y?
3
Let c(k) = 56*k - 34. Let z be c(2). Suppose 0 = -4*b + 422 - z. What is the remainder when b is divided by 44?
42
Let a = 11773 + -11674. Calculate the remainder when 255 is divided by a.
57
Let d(g) = 5*g - 11. Suppose -q + 17 - 14 = 0. Suppose q*f - 62 = 7. Calculate the remainder when f is divided by d(4).
5
Suppose 2*x - 2*k - 12 = -3*x, -2*x + 3*k + 7 = 0. Suppose 3*i = s - 56, 2*i + 103 = x*s - i. What is the remainder when s is divided by 25?
22
Suppose 9*t = 8*t - 6. Let m(o) = 13*o + 84. Let q(y) = y**3 + y**2 + 2*y - 2. Calculate the remainder when q(2) is divided by m(t).
2
Calculate the remainder when 2995 is divided by 22040/22 + -5 + (-230)/(-55) + -4.
4
Suppose 3*u = -4*k + 43, -8*k + 6*k + 14 = 4*u. Suppose -a + 26 = 4*f, -k*a = 2*f - 8*a - 22. What is the remainder when 0 + 4*(0 + 4) is divided by f?
4
Let o(u) = u**2 + 56*u + 21. Calculate the remainder when 711 is divided by o(-58).
26
Let i = 2052 - 904. Suppose -i = -78*o + 71*o. What is the remainder when o is divided by 3?
2
Let b(u) = -542*u + 13163. Suppose 0*p + 2*o = p - 22, 0 = p + 5*o - 1. Calculate the remainder when b(24) is divided by p.
11
Suppose 20 = m - 61. Calculate the remainder when m is divided by 340480/18900 + 2/(-135).
9
Let j = -134 + 139. Suppose -j*x = 70 - 370. What is the remainder when 59 is divided by 19*1 - 15/(x/16)?
14
Suppose a + 155 = m, -2*m + 4*m + 2*a - 290 = 0. Suppose -148*b + m*b = 100. Calculate the remainder when b is divided by 11.
6
Suppose 5*j + 58 = 2*v - 169, 527 = 5*v + j. Suppose 0 = 64*b - 33*b - 434. Calculate the remainder when v is divided by b.
8
Suppose -28 = -n - 7. Suppose 7*v = 3*q + 2*v - 40, -5*v - 20 = q. Suppose -q*h - 2*h = -287. What is the remainder when h is divided by n?
20
Let p = 436 + -433. Suppose h = -p*j + 160, 170 = 8*h - 7*h + j. What is the remainder when h is divided by 60?
55
Suppose 8*d - 17 = -1. Suppose d*z + 6 = -0*z, -2*v + 2*z = -162. Let j = -26 + 46. Calculate the remainder when v is divided by j.
18
Suppose 0 = 4*m + 2*f - 4, -9 = -3*m + 4*f - 17. Let d be (-2)/(-2 + 0) + 89. Suppose m = -6*v + 11*v - d. What is the remainder when 52 is divided by v?
16
Let v = -157 - -43. Calculate the remainder when 222 is divided by (v/(-12))/(2/12).
51
Suppose 99 = 5*u + 4*y, -2*y - 50 = -3*u + 27. What is the remainder when 2371 is divided by u?
2
Suppose 0 = 30*l - 40*l + 20. Suppose -l*n = 5*a - 277, -3*n - 4 = -2*n. Calculate the remainder when a is divided by 14.
1
Let w be 1*(3/21 + 1424/28). Let q = -36 + w. Suppose -y = -98 - 35. What is the remainder when y is divided by q?
13
Let s(z) = 1583*z + 6467. Calculate the remainder when 2708 is divided by s(-4).
8
Let i be -4 + (-7)/(7/(-4)). Suppose i = -11*m - 0*m + 1474. Let k = m - 118. Calculate the remainder when 93 is divided by k.
13
Suppose -p + 3*p = 5*p. Suppose 5*m + 83 + 142 = p. Let i = m + 46. What is the remainder when 2 is divided by i?
0
Suppose -6*n = -811 - 2021. Suppose 266*w + n = 270*w. What is the remainder when w is divided by 17?
16
What is the remainder when 385 is divided by (3 - 14 - -4) + 110?
76
Let w be (-106 - -2)*(-3 - -4)*-9. Suppose -w = -43*b + 7*b. Let v(q) = 2*q**2 + 3*q + 1. What is the remainder when b is divided by v(-3)?
6
Suppose -n = n - 16. Let u(y) = 124 - 2*y**2 + 17 - 5*y + 3*y**2 - 17*y. What is the remainder when u(15) is divided by n?
4
Suppose -22 = 2*n + 26. Let d = 60 + n. Suppose -46*o + 20*o = -3718. Calculate the remainder when o is divided by d.
35
Let y = 4606 - 4372. What is the remainder when 234 is divided by y?
0
Let g(p) = -2*p - 10. Let m be g(-6). Let x be (-5)/(-15)*210/4*m. Let z = 80 - x. What is the remainder when z is divided by 24?
21
Suppose -14*i + i = -7*i - 1722. What is the remainder when i is divided by 59?
51
Let n(i) = i**3 + 17*i**2 - 18*i + 1. Let u be n(-18). Suppose x = a + 15, -u = 3*a + 8. What is the remainder when 131 is divided by x?
11
Calculate the remainder when 2457 is divided by (288/(-252))/(10/14*2/(-5)).
1
Let s(i) = 15*i**2 + 502*i - 1498. Calculate the remainder when 317 is divided by s(3).
31
Let b = 47 - -1. Calculate the remainder when -2*((26 - 12) + -20)/((-3)/(-44)) is divided by b.
32
Let v(s) = -4*s + 153. Let r be v(25). Suppose 55*q - r*q - 462 = 0. Calculate the remainder when q is divided by 4.
3
Suppose 0*l - 189 = l. Let f = 280 + l. What is the remainder when f is divided by 29?
4
Suppose 6*o - 74 = -254. Let i = o - -39. Suppose -61 = -g - 4*f, 3*f - 112 = -2*g - 0*f. What is the remainder when g is divided by i?
8
Let v(h) = h**3 + 15*h**2 - 17*h - 14. Let s be v(-16). Suppose -s*g - 3 = -7. Calculate the remainder when (-3 - -2)*2 - (-12 + -7) is divided by g.
1
Let a = 15 - 3. Suppose 2*q = 5*q - 309. Suppose 0 = 5*t + l - 178, q = 3*t - 2*l + 4. What is the remainder when t is divided by a?
11
Let k(l) = -l**3 - 11*l**2 + l + 14. Let z be k(-11). Let q be (-2)/(-7) - z*26/(-21). What is the remainder when (-2 - -54) + 2*(-2)/q is divided by 28?
23
Let p(f) = 2*f**3 + 81*f**2 - 43*f - 43. Let x be p(-41). Suppose -38*n + 37*n = -x. What is the remainder when 114 is divided by n?
36
Let o(y) = -5*y - 13. Suppose -5*j = -3*p + 17, -7*j + 81 = 4*p - 2*j. Calculate the remainder when o(-8) is divided by p.
13
Let f = 42 + -28. What is the remainder when ((-3 - 3) + 11 + -6)*-319 is divided by f?
11
Let v be 2*104 + (0/3)/(-1). Let g be (-12)/(-8)*(v/(-12))/(-2). Let z = g + 10. Calculate the remainder when 112 is divided by z.
20
Suppose -98*k + 62*k - 4292 = -73*k. Calculate the remainder when 15542 is divided by k.
114
Let c(l) = -4*l**3 - l**2 + l + 5. Let q be ((-3)/12)/((-5)/(-20)). Calculate the remainder when c(-2) is divided by (-18)/(2/q*1).
4
Let p(z) = z + 285. Let j(t) = 2*t**2 + 10*t + 12. Calculate the remainder when p(-10) is divided by j(-7).
35
Let j = 6 + -7. Let z(q) = -22*q**3 + q**2 + q + 1. Let n(b) = -30*b - 648. Calculate the remainder when z(j) is divided by n(-22).
11
Let f be (144 - 144)/(2*1/2). Suppose f = -18*r + 36*r - 198. What is the remainder when 38 is divided by r?
5
Let n be (2 - 14/5)*(-2460)/8. Let o = 414 - n. Calculate the remainder when 5*o/(-5)*12/(-48) is divided by 22.
20
Let n be -1 - (5 - -239 - -1*3). Let m = -85 + 50. Calculate the remainder when 49 is divided by (-7)/m - n/10.
24
Let k = 889 - 892. Let h(p) = 115*p + 352. Let i(r) = 3*r**2 + r - 1. Calculate the remainder when i(2) is divided by h(k).
6
Let f = -1326 + 1499. Suppose -205*z = -f*z - 2240. Suppose y + 3*a = 4*a + 5, y + 4 = 4*a. What is the remainder when z is divided by y?
6
Let p be ((-662)/6)/(150/18 - 8). Let i = p + 350. What is the remainder when 50 is divided by i?
12
Let m = 2767 - 2543. What is the remainder when m is divided by 23?
17
Let k = 39 + -49. Let f(z) = z**3 + 11*z**2 + 9*z - 8. Let i be f(k). What is the remainder when (1/i)/(7/686) is divided by 17?
15
Suppose 0*j = 4*j. Suppose -2*u + 5*i = -33, -2*u + 4*i + 12 = -4*u. Suppose -u*p = j, -2*p - p = -f + 9. Calculate the remainder when f is divided by 3.
0
Let y be (1